2*n**3 - 3*n**2 - 13*n - 14. Let j be c(7). Let y be j/39*(-6)/(-4). Calculate q(y).
18
Let u = -20 - -13. Let y(p) = p + 6. Let w(n) = 3*n + 17. Let d(a) = -6*w(a) + 17*y(a). Give d(u).
7
Let o(u) = -53 - 219405*u - 219406*u + 2*u**2 + 658219*u - 219387*u. Determine o(-13).
12
Let q(o) = -9*o + 15. Let u(h) = -19*h + 31. Let f(c) = 5*q(c) - 2*u(c). Let i(p) = -6*p + 11. Let v(l) = 5*f(l) - 6*i(l). Calculate v(6).
5
Let r(s) = s**3 + s - 4 - 21 + 12 - 5*s + 9*s**2 - 18. What is r(-9)?
5
Let v be ((-12)/(-5))/(9/30). Let d(s) = 3 + 1011*s - 1960*s + 939*s + s**2. Calculate d(v).
-13
Let d(k) = -k**2 - 14*k + 6. Let j(p) = p**3 - 4*p**2 + 2*p - 49. Let f be j(5). Calculate d(f).
6
Let g(a) be the second derivative of a**8/336 + a**7/2520 - a**5/120 - 77*a**4/12 - 4*a + 5. Let w(j) be the third derivative of g(j). Determine w(-1).
-20
Let f(o) = -o**3 - o**2 + 18*o - 16. Let t be ((-31)/(-93))/((-8)/120). Give f(t).
-6
Let i(v) = -12*v - 68. Let o be i(-6). Suppose 48 - 6 = 2*b + o*a, b + 14 = 5*a. Let q(m) = m**2 - 10*m - 9. Determine q(b).
2
Let u(v) be the first derivative of -v**4/4 + 8*v**3/3 + v**2 + 4*v - 719. Give u(8).
20
Let c = 81 + -78. Suppose 0 = -2*f + f + c*x - 13, 4*x - 12 = 4*f. Suppose 4*t = -f*i + i - 11, -2*t - 3*i = 13. Let d(h) = 7*h - 2. What is d(t)?
-16
Let a(j) be the second derivative of -j**4/12 - 13*j**3/6 + j**2/2 - 1310*j. Calculate a(-13).
1
Let d(a) = -a**3 + 10*a**2 - 4*a + 5. Let r be d(6). Let x(m) = r - 3*m - 111 + m. Determine x(11).
-8
Suppose r = 5*s + 10, -r + 5*r = -3*s + 17. Let y(v) be the first derivative of -17*v**2/2 + v - 3052. Determine y(s).
18
Suppose -44*p + 27 + 86 = -19. Let g(l) = -l**3 + 4*l**2 + 2*l - 13. Give g(p).
2
Suppose 12 - 6 = -l - 4*h, 0 = 5*l - h - 12. Let s(x) = l - 2 + 4*x - 2 - 3*x + 24. Determine s(-7).
15
Let q(g) = -57 - 62 - 10*g + 9*g + 107. Determine q(3).
-15
Let f(c) = -c**3 + 28*c**2 - 25*c - 61. Let j = -11830 - -11857. What is f(j)?
-7
Let x(o) be the first derivative of -201 + 3*o**2 - 3*o - 1/3*o**3. What is x(5)?
2
Let n(c) = -c**3 + c**2 + c - 11. Suppose -3*z - w = -14, -12 + 30 = 5*z - w. Suppose z - 4 = 3*g. Let j be (9/3 + -4)*g. Give n(j).
-11
Let b(x) = 0 - 3*x + 0*x + 5. Suppose 13*h - 171 = 63. Suppose -6 = -6*d + h. Determine b(d).
-7
Let m = 15 + -16. Let y be 546/70 + 2/10. Let j(h) = 9*h - 2*h - y*h. Calculate j(m).
1
Let i(z) = -3*z + 13 + 22*z - 20*z - 10 + 2*z**3. Determine i(2).
17
Let r(l) = -4*l. Let a be r(-3). Let g(d) = -5*d**2 + 2. Let v(p) = 26*p**2 - 13*p + 2. Let q(i) = 5*g(i) + v(i). Determine q(a).
0
Suppose -4*q + 6*t = 4*t - 2, 0 = 4*q + 2*t + 18. Let u(f) = -4*f**2 - 5*f + 37*f**3 - 20*f**3 + 2*f - 18*f**3. Give u(q).
-2
Let r(q) = q**2 - 5*q - 11. Suppose -3*x + 30 = -8*x. Let w(p) = -3*p**2 + 14*p + 32. Let h(f) = x*w(f) - 17*r(f). Calculate h(-3).
1
Let t be -300 - (3 - 12/4). Let q be 4/((-80)/t*5/(-2)). Let p(u) = u**2 + 4*u - 7. Determine p(q).
5
Let n(f) be the third derivative of 7*f**4/8 + 47*f**3 - 6089*f**2. What is n(-14)?
-12
Suppose -26 = 9*v - 62. Let k(q) = -q + 8 - 6 + v*q - 7*q. Calculate k(-8).
34
Let p(m) be the third derivative of 0*m - 1/12*m**5 + 0 + 1/2*m**3 - 153*m**2 - 1/8*m**4. Give p(2).
-23
Let i(m) = m**2 - 8*m - 41. Let a be i(-2). Let c(y) = y**3 + 21*y**2 + 24. What is c(a)?
24
Suppose -2*g - 18*g + 13820 = 0. Let s = g + -703. Let m(x) = x**3 + 11*x**2 - 12*x - 9. What is m(s)?
-9
Let r(y) = -8*y. Let a(x) = x**3 + 13*x**2 + 14*x - 5. Let w be a(-11). Suppose 4*l = -w - 33. Let v = -28 - l. Calculate r(v).
-8
Let j = 6465 - 6453. Let r(z) = 16*z - 193. Calculate r(j).
-1
Suppose -3*t - 8 = -2. Let a = 206 - 204. Let u(b) = -37*b**2 + 16*b**2 + 10*b**2 + 3 + 14*b**a + b**3 + 2*b. Calculate u(t).
3
Let b(r) = 94*r**2 + 19*r - 86. Let z be b(7). Let t(w) = z + 3*w + 2*w - 6*w - 4659. Let y = 9 - 16. What is t(y)?
1
Let b(v) = v**2 - 33*v + 119. Let h be b(29). Let n(j) = -10*j - 40*j**3 - 5 + 76*j**3 - 37*j**h - 10*j**2. Determine n(-9).
4
Let w be -2*4*(-8 - -9). Let h(k) = -98 + 202 - 96 + k. Give h(w).
0
Let x(u) = 88 + 5*u - 4*u**2 - 2*u - 160 + 81. What is x(4)?
-43
Let t(m) = -m**2 - 5*m - 2. Suppose 0 = -2*r + 4*g + 22, 10*r + g - 33 = 5*r. Suppose 0 = -2*h + 4*n - r - 5, 0 = -3*h - 5*n - 7. What is t(h)?
2
Let v(h) be the second derivative of -h**4/6 - 5*h**3/6 - 2*h**2 - 17*h. Let i be (-3)/5*(-95)/((-285)/15). What is v(i)?
-7
Let k(y) = -130*y - 145. Let s(m) = 39*m + 44. Let q(h) = 8*h + 9. Let n(g) = 11*q(g) - 2*s(g). Let l(w) = 3*k(w) + 40*n(w). What is l(-2)?
-15
Let q(v) be the second derivative of v**4/6 + 2*v**3/3 + 19*v**2/2 - 192*v - 3. Give q(-3).
25
Let t(m) = -55*m**2 - 63*m**2 + 41*m**3 + 1 + 47*m**2 + 69*m**2. Determine t(1).
40
Suppose 0 = -f + 15 - 11. Let c(b) = 0*b**3 + 2*b - 5 - 4*b**3 + 10 + 3*b**3 - f*b**2. Suppose 5*k + 4 = 4*k. Give c(k).
-3
Let f(s) = s + 16. Suppose 2*y + 3*g + 18 = 0, 1 = g + 5. Let k be 6*((-2)/(-3) + 2 + -2). Let c be (k - 16/12)*y. Give f(c).
8
Let x(f) = -f**3 + 7*f**2 + 7*f + 5. Let h = -37 + 67. Let n be h/9 - (-2)/3. Suppose -n*d - 17 - 3 = 0, 2*p - 5*d = 41. Give x(p).
-3
Suppose 7*z + 138 - 194 = 0. Let v(a) = a**2 - 12*a + 31. Give v(z).
-1
Let l(h) = -h**2 + h + 4. Let a(d) = 4*d + 14. Let g be a(-7). Let f be (21/49)/((-2)/g). Suppose -7*k = -f*k + 12. Calculate l(k).
-8
Let j(q) = 12*q**2 + 9*q + 44. Let w(b) = -23*b**2 - 18*b - 69. Let p(d) = 5*j(d) + 3*w(d). Give p(-4).
-95
Let x(n) = n**3 + 12*n**2 - 5. Let s be x(-12). Let k(o) = o**3 + 35*o + 5 + 5*o**2 - 23*o + 6*o**3 - 6*o**3 - 4 - 15*o. Calculate k(s).
16
Let q = -3825 - -3835. Let i(l) = -8*l + 1. Determine i(q).
-79
Let q(j) be the first derivative of 5*j**3/3 - j**2/2 - 9*j + 2360. Determine q(-4).
75
Let c(j) be the third derivative of j**6/360 + j**5/24 - j**4/24 - 41*j**3/3 - 4*j**2 - 1. Let k(l) be the first derivative of c(l). Calculate k(-7).
13
Let b(k) = -1 + 3*k + 3 - 2*k - 3*k. Let t be (-2)/(-17) - (-8151)/(-7293). Calculate b(t).
4
Let b(h) = -h**3 - 310*h**2 - 5 - 301*h**2 - 4*h + 860*h**2 - 302*h**2 - 48*h. Give b(-52).
-5
Let p(f) be the second derivative of 8*f**3/3 - f**2/2 + 22*f. Suppose -2*w + 4 = 4*k, k = 148*w - 146*w - 14. Determine p(k).
-33
Let t(w) = -w**2 - 30*w + 4. Let d(v) = -v**2 - 26*v + 3. Let i(z) = 6*d(z) - 5*t(z). Calculate i(0).
-2
Let p(k) = k**2 - 3*k + 2. Suppose 14*x + 1960 = -14*x. Let o be x/(-49) + (-4)/(-7). Give p(o).
0
Let k be (4 - (3 - 2)) + 0. Suppose -k*h + 2*o + 18 = -o, 4*o - 4 = 0. Let a(p) = -p**3 + 7*p**2 - p + 1. Determine a(h).
-6
Let f(l) = 3 - 25*l + 4 - l**2 - 6 + 39*l. What is f(5)?
46
Let i(z) = -z**3 + 25*z**2 - 9*z + 59. Let o be i(25). Let w = 165 + o. Let d(b) = -b + 2. Determine d(w).
3
Let j(i) be the second derivative of 2*i**3/3 - i**2/2 + 415*i - 3. Let x = 3 + -2. Let y be (-1)/(-2) + x/2. Give j(y).
3
Suppose -4*t = z - 16, 0*z - t = 2*z - 39. Let x be ((-18)/(-15))/(6/z). Let m(d) = x - 5*d**2 + 0*d**2 - 16*d**3 + 7*d**3 + 4*d + 8*d**3. Determine m(-6).
16
Let q(t) be the third derivative of -t**7/840 - t**6/180 - t**5/30 + 6*t**3 + 39*t**2. Let z(h) be the third derivative of q(h). Give z(-6).
32
Suppose -52*i + 150 + 6 = 0. Suppose i*k + 12 = -3*v, 0 = -3*k + 15*v - 10*v - 12. Let f(n) = -n**3 - 6*n**2 - 8*n. Determine f(k).
0
Suppose 3*h + 0*h + 3 = 0. Let j = h + 3. Let n(w) = 9*w**3 + 8 - 9 + 0*w**j - w + 0 + w**2. Determine n(-1).
-8
Let j(l) = -3*l + 3. Suppose -130*y + 128*y + 402 = 0. Let q be 335/y - 8/(-6). What is j(q)?
-6
Let v(f) be the first derivative of f**4/4 + 7*f**3/3 + 7*f - 4. Let z(a) = 2*a**3 - 42*a**2 + 57*a - 347. Let x be z(20). Give v(x).
7
Let c(x) = 13*x - 50*x + 85*x + 382. Determine c(-8).
-2
Let z(q) = -q**3 + 11*q**2 - 18*q - 4. Let v(j) = -14*j**3 + 143*j**2 - 236*j - 50. Let a(o) = -2*v(o) + 27*z(o). Determine a(-12).
16
Let d(x) be the second derivative of x**5/10 + 7*x**4/6 - 8*x**3/3 + 4*x**2 + 2*x + 806. What is d(-8)?
8
Let a(c) = c**3 + 2*c**2 - 4*c + 2. Let y = -30 + 34. Suppose -y*v - j = 24, 3*v - 2*j + j + 18 = 0. Let d be (-9)/v*2 + -7. Determine a(d).
-14
Let z(g) be the first derivative of -g**3/3 - 23*g**2/2 - 27*g + 699. Calculate z(-22).
-5
Let z(p) = -p**2 + 4*p - 3. Suppose -o + 16 = 102. Let c = 97 + o. Suppose 5 = 4*x - c. Calculate z(x).
-3
